{"id":315,"date":"2018-01-31T10:12:53","date_gmt":"2018-01-31T09:12:53","guid":{"rendered":"http:\/\/activpatrimonia.fr\/gespat\/?page_id=315"},"modified":"2018-06-11T17:25:40","modified_gmt":"2018-06-11T16:25:40","slug":"notre-offre","status":"publish","type":"page","link":"https:\/\/www.activpatrimonia.fr\/gespat\/index.php\/notre-offre\/","title":{"rendered":"Notre offre"},"content":{"rendered":"<p>Notre cabinet vous propose des conseils et des solutions diversifi\u00e9es pour r\u00e9pondre \u00e0 toutes vos attentes et objectifs :<\/p>\n<ul>\n<li>Epargner,<\/li>\n<li>Rentabiliser ses placements,<\/li>\n<li>Pr\u00e9parer sa retraite,<\/li>\n<li>Prot\u00e9ger ses proches,<\/li>\n<li>Transmettre,<\/li>\n<li>Payer moins d&rsquo;imp\u00f4t,<\/li>\n<li>Vendre, acheter ou louer un bien.<\/li>\n<\/ul>\n<div id=\"ez-toc-container\" class=\"ez-toc-v2_0_81 counter-hierarchy ez-toc-counter ez-toc-grey ez-toc-container-direction\">\n<div class=\"ez-toc-title-container\">\n<p class=\"ez-toc-title\" style=\"cursor:inherit\">Table of Contents<\/p>\n<span class=\"ez-toc-title-toggle\"><a href=\"#\" class=\"ez-toc-pull-right ez-toc-btn ez-toc-btn-xs ez-toc-btn-default ez-toc-toggle\" aria-label=\"Toggle Table of Content\"><span class=\"ez-toc-js-icon-con\"><span class=\"\"><span class=\"eztoc-hide\" style=\"display:none;\">Toggle<\/span><span class=\"ez-toc-icon-toggle-span\"><svg style=\"fill: #999;color:#999\" xmlns=\"http:\/\/www.w3.org\/2000\/svg\" class=\"list-377408\" width=\"20px\" height=\"20px\" viewBox=\"0 0 24 24\" fill=\"none\"><path d=\"M6 6H4v2h2V6zm14 0H8v2h12V6zM4 11h2v2H4v-2zm16 0H8v2h12v-2zM4 16h2v2H4v-2zm16 0H8v2h12v-2z\" fill=\"currentColor\"><\/path><\/svg><svg style=\"fill: #999;color:#999\" class=\"arrow-unsorted-368013\" xmlns=\"http:\/\/www.w3.org\/2000\/svg\" width=\"10px\" height=\"10px\" viewBox=\"0 0 24 24\" version=\"1.2\" baseProfile=\"tiny\"><path d=\"M18.2 9.3l-6.2-6.3-6.2 6.3c-.2.2-.3.4-.3.7s.1.5.3.7c.2.2.4.3.7.3h11c.3 0 .5-.1.7-.3.2-.2.3-.5.3-.7s-.1-.5-.3-.7zM5.8 14.7l6.2 6.3 6.2-6.3c.2-.2.3-.5.3-.7s-.1-.5-.3-.7c-.2-.2-.4-.3-.7-.3h-11c-.3 0-.5.1-.7.3-.2.2-.3.5-.3.7s.1.5.3.7z\"\/><\/svg><\/span><\/span><\/span><\/a><\/span><\/div>\n<nav><ul class='ez-toc-list ez-toc-list-level-1 ' ><li class='ez-toc-page-1 ez-toc-heading-level-2'><a class=\"ez-toc-link ez-toc-heading-1\" href=\"https:\/\/www.activpatrimonia.fr\/gespat\/index.php\/notre-offre\/#EPARGNE\" >EPARGNE<\/a><\/li><li class='ez-toc-page-1 ez-toc-heading-level-2'><a class=\"ez-toc-link ez-toc-heading-2\" href=\"https:\/\/www.activpatrimonia.fr\/gespat\/index.php\/notre-offre\/#FISCALITE\" >FISCALITE<\/a><\/li><li class='ez-toc-page-1 ez-toc-heading-level-2'><a class=\"ez-toc-link ez-toc-heading-3\" href=\"https:\/\/www.activpatrimonia.fr\/gespat\/index.php\/notre-offre\/#CHEF_DENTREPRISE\" >CHEF D&rsquo;ENTREPRISE<\/a><\/li><li class='ez-toc-page-1 ez-toc-heading-level-2'><a class=\"ez-toc-link ez-toc-heading-4\" href=\"https:\/\/www.activpatrimonia.fr\/gespat\/index.php\/notre-offre\/#AGENCE_IMMOBILIERE_%E2%80%93_IMMOBILER_DINVESTISSEMENT\" >AGENCE IMMOBILIERE &#8211; IMMOBILER D&rsquo;INVESTISSEMENT<\/a><\/li><li class='ez-toc-page-1 ez-toc-heading-level-2'><a class=\"ez-toc-link ez-toc-heading-5\" href=\"https:\/\/www.activpatrimonia.fr\/gespat\/index.php\/notre-offre\/#CREDIT\" >CREDIT<\/a><\/li><li class='ez-toc-page-1 ez-toc-heading-level-2'><a class=\"ez-toc-link ez-toc-heading-6\" href=\"https:\/\/www.activpatrimonia.fr\/gespat\/index.php\/notre-offre\/#ASSURANCES\" >ASSURANCES<\/a><\/li><li class='ez-toc-page-1 ez-toc-heading-level-2'><a class=\"ez-toc-link ez-toc-heading-7\" href=\"https:\/\/www.activpatrimonia.fr\/gespat\/index.php\/notre-offre\/#NOUS_SUIVRE_%E2%80%93_actualites_opportunites%E2%80%A6\" >NOUS SUIVRE &#8211; actualit\u00e9s, opportunit\u00e9s,&#8230;.<\/a><\/li><\/ul><\/nav><\/div>\n<h2><span class=\"ez-toc-section\" id=\"EPARGNE\"><\/span><span style=\"color: #993300;\">EPARGNE<\/span><span class=\"ez-toc-section-end\"><\/span><\/h2>\n\n<table id=\"tablepress-1\" class=\"tablepress tablepress-id-1\">\n<thead>\n<tr class=\"row-1\">\n\t<th class=\"column-1\"><a href=\"http:\/\/activpatrimonia.fr\/gespat\/wp-content\/uploads\/2018\/01\/epargne.jpg\"><img loading=\"lazy\" decoding=\"async\" src=\"http:\/\/activpatrimonia.fr\/gespat\/wp-content\/uploads\/2018\/01\/epargne-150x150.jpg\" alt=\"\" width=\"150\" height=\"150\" class=\"alignnone size-thumbnail wp-image-321\" srcset=\"https:\/\/www.activpatrimonia.fr\/gespat\/wp-content\/uploads\/2018\/01\/epargne-150x150.jpg 150w, https:\/\/www.activpatrimonia.fr\/gespat\/wp-content\/uploads\/2018\/01\/epargne-300x300.jpg 300w, https:\/\/www.activpatrimonia.fr\/gespat\/wp-content\/uploads\/2018\/01\/epargne-768x768.jpg 768w, https:\/\/www.activpatrimonia.fr\/gespat\/wp-content\/uploads\/2018\/01\/epargne-1024x1024.jpg 1024w, https:\/\/www.activpatrimonia.fr\/gespat\/wp-content\/uploads\/2018\/01\/epargne.jpg 1560w\" sizes=\"auto, (max-width: 150px) 100vw, 150px\" \/><\/a><\/th><th class=\"column-2\">Nous proposons une gamme diversifi\u00e9e :<br \/>\n<br \/>\n- Gamme assurance : assurance-vie, contrat de capitalisation, PERP, madelin<br \/>\n- Gamme Immobili\u00e8re : SCPI, OPCI, SCI, Immobilier r\u00e9sidentiel<br \/>\n- Gamme financi\u00e8re : Compte titres, PEA, FCPI, FIP<\/th>\n<\/tr>\n<\/thead>\n<tbody class=\"row-striping row-hover\">\n<\/tbody>\n<\/table>\n<!-- #tablepress-1 from cache -->\n<h2><span class=\"ez-toc-section\" id=\"FISCALITE\"><\/span><span style=\"color: #993300;\">FISCALITE<\/span><span class=\"ez-toc-section-end\"><\/span><\/h2>\n\n<table id=\"tablepress-6\" class=\"tablepress tablepress-id-6\">\n<thead>\n<tr class=\"row-1\">\n\t<th class=\"column-1\"><a href=\"http:\/\/activpatrimonia.fr\/gespat\/wp-content\/uploads\/2018\/01\/assistance-d\u00e9claration.jpg\"><img loading=\"lazy\" decoding=\"async\" src=\"http:\/\/activpatrimonia.fr\/gespat\/wp-content\/uploads\/2018\/01\/assistance-d\u00e9claration-150x150.jpg\" alt=\"\" width=\"150\" height=\"150\" class=\"alignnone size-thumbnail wp-image-364\" srcset=\"https:\/\/www.activpatrimonia.fr\/gespat\/wp-content\/uploads\/2018\/01\/assistance-d\u00e9claration-150x150.jpg 150w, https:\/\/www.activpatrimonia.fr\/gespat\/wp-content\/uploads\/2018\/01\/assistance-d\u00e9claration-300x300.jpg 300w, https:\/\/www.activpatrimonia.fr\/gespat\/wp-content\/uploads\/2018\/01\/assistance-d\u00e9claration-768x768.jpg 768w, https:\/\/www.activpatrimonia.fr\/gespat\/wp-content\/uploads\/2018\/01\/assistance-d\u00e9claration-1024x1024.jpg 1024w, https:\/\/www.activpatrimonia.fr\/gespat\/wp-content\/uploads\/2018\/01\/assistance-d\u00e9claration.jpg 1560w\" sizes=\"auto, (max-width: 150px) 100vw, 150px\" \/><\/a><\/th><th class=\"column-2\">La fiscalit\u00e9 est un domaine complexe.<br \/>\n<br \/>\nNous vous assistons dans vos d\u00e9clarations et vous proposons des solutions d'optimisation.<\/th>\n<\/tr>\n<\/thead>\n<tbody class=\"row-striping row-hover\">\n<\/tbody>\n<\/table>\n<!-- #tablepress-6 from cache -->\n<h2><span class=\"ez-toc-section\" id=\"CHEF_DENTREPRISE\"><\/span><span style=\"color: #993300;\">CHEF D&rsquo;ENTREPRISE<\/span><span class=\"ez-toc-section-end\"><\/span><\/h2>\n\n<table id=\"tablepress-2\" class=\"tablepress tablepress-id-2\">\n<tbody class=\"row-striping row-hover\">\n<tr class=\"row-1\">\n\t<td class=\"column-1\"><a href=\"http:\/\/activpatrimonia.fr\/gespat\/wp-content\/uploads\/2018\/01\/patron-entreprise.jpg\"><img loading=\"lazy\" decoding=\"async\" src=\"http:\/\/activpatrimonia.fr\/gespat\/wp-content\/uploads\/2018\/01\/patron-entreprise-150x150.jpg\" alt=\"\" width=\"150\" height=\"150\" class=\"alignnone size-thumbnail wp-image-331\" srcset=\"https:\/\/www.activpatrimonia.fr\/gespat\/wp-content\/uploads\/2018\/01\/patron-entreprise-150x150.jpg 150w, https:\/\/www.activpatrimonia.fr\/gespat\/wp-content\/uploads\/2018\/01\/patron-entreprise-300x300.jpg 300w, https:\/\/www.activpatrimonia.fr\/gespat\/wp-content\/uploads\/2018\/01\/patron-entreprise-768x768.jpg 768w, https:\/\/www.activpatrimonia.fr\/gespat\/wp-content\/uploads\/2018\/01\/patron-entreprise-1024x1024.jpg 1024w, https:\/\/www.activpatrimonia.fr\/gespat\/wp-content\/uploads\/2018\/01\/patron-entreprise.jpg 1560w\" sizes=\"auto, (max-width: 150px) 100vw, 150px\" \/><\/a><\/td><td class=\"column-2\">L'outil professionnel qu'est l'entreprise est un actif essentiel dans le patrimoine du Dirigeant.<br \/>\nNous nous pla\u00e7ons au coeur des pr\u00e9occupations du Chef d'entreprise en oeuvrant sur plusieurs domaines de la phase de croissance \u00e0 la transmission, en lien avec les  conseils de l'entreprise (expert-comptable, avocat ou notaires) :<br \/>\n- R\u00e9mun\u00e9ration et statut, protection sociale du dirigeant<br \/>\n- Fid\u00e9lisation des collaborateurs de l'Entreprise (Epargne salariale)<br \/>\n- Organisation patrimoniale entre patrimoine priv\u00e9 et professionnel<br \/>\n- Tr\u00e9sorerie d'entreprise<br \/>\n- Assurance associ\u00e9s, homme cl\u00e9 et frais g\u00e9n\u00e9raux<br \/>\n- Pr\u00e9paration de la transmission et suivi post cession<\/td>\n<\/tr>\n<\/tbody>\n<\/table>\n<!-- #tablepress-2 from cache -->\n<h2><span class=\"ez-toc-section\" id=\"AGENCE_IMMOBILIERE_%E2%80%93_IMMOBILER_DINVESTISSEMENT\"><\/span><span style=\"color: #993300;\">AGENCE IMMOBILIERE &#8211; IMMOBILER D&rsquo;INVESTISSEMENT<\/span><span class=\"ez-toc-section-end\"><\/span><\/h2>\n\n<table id=\"tablepress-5\" class=\"tablepress tablepress-id-5\">\n<thead>\n<tr class=\"row-1\">\n\t<th class=\"column-1\"><a href=\"http:\/\/activpatrimonia.fr\/gespat\/wp-content\/uploads\/2018\/01\/transaction.jpg\"><img loading=\"lazy\" decoding=\"async\" src=\"http:\/\/activpatrimonia.fr\/gespat\/wp-content\/uploads\/2018\/01\/transaction-150x150.jpg\" alt=\"\" width=\"150\" height=\"150\" class=\"alignnone size-thumbnail wp-image-355\" srcset=\"https:\/\/www.activpatrimonia.fr\/gespat\/wp-content\/uploads\/2018\/01\/transaction-150x150.jpg 150w, https:\/\/www.activpatrimonia.fr\/gespat\/wp-content\/uploads\/2018\/01\/transaction-300x300.jpg 300w, https:\/\/www.activpatrimonia.fr\/gespat\/wp-content\/uploads\/2018\/01\/transaction-768x768.jpg 768w, https:\/\/www.activpatrimonia.fr\/gespat\/wp-content\/uploads\/2018\/01\/transaction-1024x1024.jpg 1024w, https:\/\/www.activpatrimonia.fr\/gespat\/wp-content\/uploads\/2018\/01\/transaction.jpg 1560w\" sizes=\"auto, (max-width: 150px) 100vw, 150px\" \/><\/a><a href=\"http:\/\/activpatrimonia.fr\/gespat\/wp-content\/uploads\/2018\/01\/recherche-bien-immobilier.jpg\"><img loading=\"lazy\" decoding=\"async\" src=\"http:\/\/activpatrimonia.fr\/gespat\/wp-content\/uploads\/2018\/01\/recherche-bien-immobilier-150x150.jpg\" alt=\"\" width=\"150\" height=\"150\" class=\"alignnone size-thumbnail wp-image-356\" srcset=\"https:\/\/www.activpatrimonia.fr\/gespat\/wp-content\/uploads\/2018\/01\/recherche-bien-immobilier-150x150.jpg 150w, https:\/\/www.activpatrimonia.fr\/gespat\/wp-content\/uploads\/2018\/01\/recherche-bien-immobilier-300x300.jpg 300w, https:\/\/www.activpatrimonia.fr\/gespat\/wp-content\/uploads\/2018\/01\/recherche-bien-immobilier-768x768.jpg 768w, https:\/\/www.activpatrimonia.fr\/gespat\/wp-content\/uploads\/2018\/01\/recherche-bien-immobilier-1024x1024.jpg 1024w\" sizes=\"auto, (max-width: 150px) 100vw, 150px\" \/><\/a><\/th><th class=\"column-2\">Vendre - Acheter - Louer<br \/>\n<br \/>\n- R\u00e9sidence principale<br \/>\n- Investissement locatif (classique ou avec r\u00e9duction d'imp\u00f4t)<br \/>\n<br \/>\n- Dans le Neuf<br \/>\n- Dans l'ancien<\/th>\n<\/tr>\n<\/thead>\n<tbody class=\"row-striping row-hover\">\n<\/tbody>\n<\/table>\n<!-- #tablepress-5 from cache -->\n<h2><span class=\"ez-toc-section\" id=\"CREDIT\"><\/span><span style=\"color: #993300;\">CREDIT<\/span><span class=\"ez-toc-section-end\"><\/span><\/h2>\n\n<table id=\"tablepress-4\" class=\"tablepress tablepress-id-4\">\n<thead>\n<tr class=\"row-1\">\n\t<th class=\"column-1\"><a href=\"http:\/\/activpatrimonia.fr\/gespat\/wp-content\/uploads\/2018\/01\/cr\u00e9dit.jpg\"><img loading=\"lazy\" decoding=\"async\" src=\"http:\/\/activpatrimonia.fr\/gespat\/wp-content\/uploads\/2018\/01\/cr\u00e9dit-150x150.jpg\" alt=\"\" width=\"150\" height=\"150\" class=\"alignnone size-thumbnail wp-image-348\" srcset=\"https:\/\/www.activpatrimonia.fr\/gespat\/wp-content\/uploads\/2018\/01\/cr\u00e9dit-150x150.jpg 150w, https:\/\/www.activpatrimonia.fr\/gespat\/wp-content\/uploads\/2018\/01\/cr\u00e9dit-300x300.jpg 300w, https:\/\/www.activpatrimonia.fr\/gespat\/wp-content\/uploads\/2018\/01\/cr\u00e9dit-768x768.jpg 768w, https:\/\/www.activpatrimonia.fr\/gespat\/wp-content\/uploads\/2018\/01\/cr\u00e9dit-1024x1024.jpg 1024w, https:\/\/www.activpatrimonia.fr\/gespat\/wp-content\/uploads\/2018\/01\/cr\u00e9dit.jpg 1560w\" sizes=\"auto, (max-width: 150px) 100vw, 150px\" \/><\/a><\/th><th class=\"column-2\">Notre cabinet est interm\u00e9diaire en op\u00e9rations de banque et services de paiement et nous recherchons pour vous la meilleure solution pour le :<br \/>\n<br \/>\n- Financement immobilier (r\u00e9sidence principale ou locatif)<br \/>\n- Financement de SCPI<br \/>\n- Rachat de pr\u00eat<br \/>\n- Regroupement de cr\u00e9dits<\/th>\n<\/tr>\n<\/thead>\n<tbody class=\"row-striping row-hover\">\n<\/tbody>\n<\/table>\n<!-- #tablepress-4 from cache -->\n<h2><span class=\"ez-toc-section\" id=\"ASSURANCES\"><\/span><span style=\"color: #993300;\">ASSURANCES<\/span><span class=\"ez-toc-section-end\"><\/span><\/h2>\n\n<table id=\"tablepress-3\" class=\"tablepress tablepress-id-3\">\n<thead>\n<tr class=\"row-1\">\n\t<th class=\"column-1\"><a href=\"http:\/\/activpatrimonia.fr\/gespat\/wp-content\/uploads\/2018\/01\/parapluie.jpg\"><img loading=\"lazy\" decoding=\"async\" src=\"http:\/\/activpatrimonia.fr\/gespat\/wp-content\/uploads\/2018\/01\/parapluie-150x150.jpg\" alt=\"\" width=\"150\" height=\"150\" class=\"alignnone size-thumbnail wp-image-341\" srcset=\"https:\/\/www.activpatrimonia.fr\/gespat\/wp-content\/uploads\/2018\/01\/parapluie-150x150.jpg 150w, https:\/\/www.activpatrimonia.fr\/gespat\/wp-content\/uploads\/2018\/01\/parapluie-300x300.jpg 300w, https:\/\/www.activpatrimonia.fr\/gespat\/wp-content\/uploads\/2018\/01\/parapluie-768x768.jpg 768w, https:\/\/www.activpatrimonia.fr\/gespat\/wp-content\/uploads\/2018\/01\/parapluie-1024x1024.jpg 1024w, https:\/\/www.activpatrimonia.fr\/gespat\/wp-content\/uploads\/2018\/01\/parapluie.jpg 1560w\" sizes=\"auto, (max-width: 150px) 100vw, 150px\" \/><\/a><a href=\"http:\/\/activpatrimonia.fr\/gespat\/wp-content\/uploads\/2018\/01\/orage.jpg\"><img loading=\"lazy\" decoding=\"async\" src=\"http:\/\/activpatrimonia.fr\/gespat\/wp-content\/uploads\/2018\/01\/orage-150x150.jpg\" alt=\"\" width=\"150\" height=\"150\" class=\"alignnone size-thumbnail wp-image-342\" srcset=\"https:\/\/www.activpatrimonia.fr\/gespat\/wp-content\/uploads\/2018\/01\/orage-150x150.jpg 150w, https:\/\/www.activpatrimonia.fr\/gespat\/wp-content\/uploads\/2018\/01\/orage-300x300.jpg 300w, https:\/\/www.activpatrimonia.fr\/gespat\/wp-content\/uploads\/2018\/01\/orage-768x768.jpg 768w, https:\/\/www.activpatrimonia.fr\/gespat\/wp-content\/uploads\/2018\/01\/orage-1024x1024.jpg 1024w, https:\/\/www.activpatrimonia.fr\/gespat\/wp-content\/uploads\/2018\/01\/orage.jpg 1560w\" sizes=\"auto, (max-width: 150px) 100vw, 150px\" \/><\/a><\/th><th class=\"column-2\">Trop ou pas assez assur\u00e9s, vos contrats sont-ils adapt\u00e9s \u00e0 votre situation ?<br \/>\n<br \/>\nNous vous proposons un audit de vos assurances avec des gains<br \/>\n\u00e0 la cl\u00e9 en termes de couverture et de prime d'assurance.<\/th>\n<\/tr>\n<\/thead>\n<tbody class=\"row-striping row-hover\">\n<\/tbody>\n<\/table>\n<!-- #tablepress-3 from cache -->\n<p>&nbsp;<\/p>\n<blockquote><p>Vos objectifs patrimoniaux sont au coeur de nos pr\u00e9occupations.<\/p><\/blockquote>\n<p>&nbsp;<\/p>\n<hr \/>\n<h2><span class=\"ez-toc-section\" id=\"NOUS_SUIVRE_%E2%80%93_actualites_opportunites%E2%80%A6\"><\/span><span style=\"color: #993300;\">NOUS SUIVRE &#8211; actualit\u00e9s, opportunit\u00e9s,&#8230;.<\/span><span class=\"ez-toc-section-end\"><\/span><\/h2>\n<p>Nous suivre sur Facebook aimez et partagez notre page :<a href=\"https:\/\/www.facebook.com\/activpatrimonia.fr\/\"><img loading=\"lazy\" decoding=\"async\" class=\"wp-image-316 size-full alignnone\" src=\"http:\/\/activpatrimonia.fr\/gespat\/wp-content\/uploads\/2018\/01\/like-small.jpg\" alt=\"\" width=\"57\" height=\"57\" \/><\/a><\/p>\n<p>Si vous n&rsquo;avez pas de compte Facebook, inscrivez-vous sur notre site pour suivre l&rsquo;actualit\u00e9 de notre cabinet\u00a0<a href=\"http:\/\/activpatrimonia.fr\/gespat\/index.php\/register\/\">ici<\/a><\/p>\n<p>&nbsp;<\/p>\n<p>&nbsp;<\/p>\n<p>&nbsp;<\/p>\n<p>&nbsp;<\/p>\n","protected":false},"excerpt":{"rendered":"<p>Notre cabinet vous propose des conseils et des solutions diversifi\u00e9es pour r\u00e9pondre \u00e0 toutes vos attentes et objectifs : Epargner, Rentabiliser ses placements, Pr\u00e9parer sa retraite, Prot\u00e9ger ses proches, Transmettre, Payer moins d&rsquo;imp\u00f4t, Vendre, acheter ou louer un bien. EPARGNE FISCALITE CHEF D&rsquo;ENTREPRISE AGENCE IMMOBILIERE &#8211; IMMOBILER D&rsquo;INVESTISSEMENT CREDIT ASSURANCES [&hellip;]<\/p>\n","protected":false},"author":1,"featured_media":0,"parent":0,"menu_order":0,"comment_status":"closed","ping_status":"closed","template":"Page-fullwidth.php","meta":{"footnotes":""},"class_list":["post-315","page","type-page","status-publish","hentry"],"_links":{"self":[{"href":"https:\/\/www.activpatrimonia.fr\/gespat\/index.php\/wp-json\/wp\/v2\/pages\/315","targetHints":{"allow":["GET"]}}],"collection":[{"href":"https:\/\/www.activpatrimonia.fr\/gespat\/index.php\/wp-json\/wp\/v2\/pages"}],"about":[{"href":"https:\/\/www.activpatrimonia.fr\/gespat\/index.php\/wp-json\/wp\/v2\/types\/page"}],"author":[{"embeddable":true,"href":"https:\/\/www.activpatrimonia.fr\/gespat\/index.php\/wp-json\/wp\/v2\/users\/1"}],"replies":[{"embeddable":true,"href":"https:\/\/www.activpatrimonia.fr\/gespat\/index.php\/wp-json\/wp\/v2\/comments?post=315"}],"version-history":[{"count":25,"href":"https:\/\/www.activpatrimonia.fr\/gespat\/index.php\/wp-json\/wp\/v2\/pages\/315\/revisions"}],"predecessor-version":[{"id":384,"href":"https:\/\/www.activpatrimonia.fr\/gespat\/index.php\/wp-json\/wp\/v2\/pages\/315\/revisions\/384"}],"wp:attachment":[{"href":"https:\/\/www.activpatrimonia.fr\/gespat\/index.php\/wp-json\/wp\/v2\/media?parent=315"}],"curies":[{"name":"wp","href":"https:\/\/api.w.org\/{rel}","templated":true}]}}